{"id":5177,"date":"2025-11-05T09:58:10","date_gmt":"2025-11-05T08:58:10","guid":{"rendered":"https:\/\/cpfusti.educacion.navarra.es\/web\/?page_id=5177"},"modified":"2025-11-06T10:55:18","modified_gmt":"2025-11-06T09:55:18","slug":"recreate-en-los-recreos","status":"publish","type":"page","link":"https:\/\/cpfusti.educacion.navarra.es\/web\/recreate-en-los-recreos\/","title":{"rendered":"RECRE\u00c1TE EN LOS RECREOS"},"content":{"rendered":"\n<p>Programa subvencionado por el <strong>Instituto Navarro del Deporte y de la Actividad F\u00edsica<\/strong> del Gobierno de Navarra. <\/p>\n\n\n\n<figure class=\"wp-block-image size-full\"><a href=\"https:\/\/cpfusti.educacion.navarra.es\/web\/wp-content\/uploads\/2025\/11\/image.png\"><img loading=\"lazy\" width=\"573\" height=\"68\" src=\"https:\/\/cpfusti.educacion.navarra.es\/web\/wp-content\/uploads\/2025\/11\/image.png\" alt=\"\" class=\"wp-image-5193\" srcset=\"https:\/\/cpfusti.educacion.navarra.es\/web\/wp-content\/uploads\/2025\/11\/image.png 573w, https:\/\/cpfusti.educacion.navarra.es\/web\/wp-content\/uploads\/2025\/11\/image-300x36.png 300w, https:\/\/cpfusti.educacion.navarra.es\/web\/wp-content\/uploads\/2025\/11\/image-500x59.png 500w\" sizes=\"(max-width: 573px) 100vw, 573px\" \/><\/a><\/figure>\n\n\n\n<div class=\"wp-block-image\"><figure class=\"alignleft size-full is-resized\"><a href=\"https:\/\/cpfusti.educacion.navarra.es\/web\/wp-content\/uploads\/2025\/11\/Captura-de-pantalla-2025-11-05-100534.png\"><img loading=\"lazy\" src=\"https:\/\/cpfusti.educacion.navarra.es\/web\/wp-content\/uploads\/2025\/11\/Captura-de-pantalla-2025-11-05-100534.png\" alt=\"\" class=\"wp-image-5185\" width=\"184\" height=\"102\" srcset=\"https:\/\/cpfusti.educacion.navarra.es\/web\/wp-content\/uploads\/2025\/11\/Captura-de-pantalla-2025-11-05-100534.png 585w, https:\/\/cpfusti.educacion.navarra.es\/web\/wp-content\/uploads\/2025\/11\/Captura-de-pantalla-2025-11-05-100534-300x164.png 300w, https:\/\/cpfusti.educacion.navarra.es\/web\/wp-content\/uploads\/2025\/11\/Captura-de-pantalla-2025-11-05-100534-500x274.png 500w\" sizes=\"(max-width: 184px) 100vw, 184px\" \/><\/a><\/figure><\/div>\n\n\n\n<figure class=\"wp-block-pullquote\"><blockquote><p><a href=\"https:\/\/docs.google.com\/presentation\/d\/1KF876tZZuuzHEIrwgwPcMUngq6-2u270GP8FMq_PJsQ\/edit?usp=drive_link\">Presentaci\u00f3n del Proyecto<\/a><\/p><p>                  Galer\u00eda de im\u00e1genes (restringido)<\/p><p>                      <a href=\"https:\/\/docs.google.com\/forms\/d\/e\/1FAIpQLScCY7CHUgU7X8u5-I_w0nS9GGS4GT0kzIamte13Xd47d39w-Q\/viewform?usp=preview\">Formulario de solicitud<\/a><\/p><cite>Novedades<\/cite><\/blockquote><\/figure>\n\n\n\n<p><\/p>\n","protected":false},"excerpt":{"rendered":"<p>Programa subvencionado por el Instituto Navarro del Deporte y de la Actividad F\u00edsica del Gobierno de Navarra. Presentaci\u00f3n del Proyecto Galer\u00eda de im\u00e1genes (restringido) Formulario de solicitud Novedades<\/p>\n","protected":false},"author":30,"featured_media":0,"parent":0,"menu_order":0,"comment_status":"closed","ping_status":"closed","template":"","meta":[],"_links":{"self":[{"href":"https:\/\/cpfusti.educacion.navarra.es\/web\/wp-json\/wp\/v2\/pages\/5177"}],"collection":[{"href":"https:\/\/cpfusti.educacion.navarra.es\/web\/wp-json\/wp\/v2\/pages"}],"about":[{"href":"https:\/\/cpfusti.educacion.navarra.es\/web\/wp-json\/wp\/v2\/types\/page"}],"author":[{"embeddable":true,"href":"https:\/\/cpfusti.educacion.navarra.es\/web\/wp-json\/wp\/v2\/users\/30"}],"replies":[{"embeddable":true,"href":"https:\/\/cpfusti.educacion.navarra.es\/web\/wp-json\/wp\/v2\/comments?post=5177"}],"version-history":[{"count":6,"href":"https:\/\/cpfusti.educacion.navarra.es\/web\/wp-json\/wp\/v2\/pages\/5177\/revisions"}],"predecessor-version":[{"id":5194,"href":"https:\/\/cpfusti.educacion.navarra.es\/web\/wp-json\/wp\/v2\/pages\/5177\/revisions\/5194"}],"wp:attachment":[{"href":"https:\/\/cpfusti.educacion.navarra.es\/web\/wp-json\/wp\/v2\/media?parent=5177"}],"curies":[{"name":"wp","href":"https:\/\/api.w.org\/{rel}","templated":true}]}}